{"id":1497,"date":"2026-02-07T09:51:25","date_gmt":"2026-02-07T09:51:25","guid":{"rendered":"https:\/\/nextsolns.com\/?page_id=1497"},"modified":"2026-02-23T05:39:28","modified_gmt":"2026-02-23T05:39:28","slug":"publikationen","status":"publish","type":"page","link":"https:\/\/dr-joseph-wasswa.com\/index.php\/publikationen\/","title":{"rendered":"Publikationen"},"content":{"rendered":"\t\t<div data-elementor-type=\"wp-page\" data-elementor-id=\"1497\" class=\"elementor elementor-1497\" data-elementor-post-type=\"page\">\n\t\t\t\t<div class=\"elementor-element elementor-element-0da19b6 e-flex e-con-boxed e-con e-parent\" data-id=\"0da19b6\" data-element_type=\"container\" data-e-type=\"container\">\n\t\t\t\t\t<div class=\"e-con-inner\">\n\t\t\t\t<div class=\"elementor-element elementor-element-237ebbf elementor-widget elementor-widget-html\" data-id=\"237ebbf\" data-element_type=\"widget\" data-e-type=\"widget\" data-widget_type=\"html.default\">\n\t\t\t\t\t<!DOCTYPE html>\r\n<html lang=\"en\">\r\n<head>\r\n<meta charset=\"UTF-8\">\r\n<meta name=\"viewport\" content=\"width=device-width, initial-scale=1.0\">\r\n<title>\u00dcBER MICH<\/title>\r\n\r\n<style>\r\n\r\n\r\n.about-wrapper {\r\n    max-width: 1100px;\r\n    margin: 60px auto;\r\n    background: #fff;\r\n    padding: 50px;\r\n    display: flex;\r\n    gap: 40px;\r\n    box-shadow: 0 10px 30px rgba(0,0,0,0.1);\r\n\r\n    flex-direction: row-reverse; \/* \u2190 ADD THIS LINE *\/\r\n}\r\n\r\n\/* LEFT CONTENT *\/\r\n.about-content {\r\n    flex: 1.6;\r\n      width: 100%;\r\n}\r\n\r\n.about-content h1 {\r\n    font-size: 36px;\r\n    margin-bottom: 20px;\r\n    font-family: 'Roboto Condensed';\r\n    color: #324A6D;\r\n  \r\n}\r\n.about-content h3 {\r\n    font-size: 24px;\r\n    margin-bottom: 20px;\r\n    font-family: 'Roboto Condensed';\r\n    color: #DB5503;\r\n  \r\n}\r\n\r\n.about-content p {\r\n    font-size: 16px;\r\n    line-height: 1.7;\r\n   color: #324A6D;\r\n    margin-bottom: 16px;\r\n    font-family: 'Roboto Condensed';\r\n    font-weight: 300;\r\n}\r\n\r\n\r\n\r\n\/* FEATURES *\/\r\n.features {\r\n    display: flex;\r\n    gap: 30px;\r\n    margin-top: 40px;\r\n}\r\n\r\n.feature {\r\n    text-align: justify-content;\r\n    flex: 1;\r\n}\r\n\r\n.feature-icon {\r\n    width: 55px;\r\n    height: 55px;\r\n    background: #eaeaea;\r\n    border-radius: 50%;\r\n    display: flex;\r\n    align-items: center;\r\n    justify-content: center;\r\n    font-size: 22px;\r\n}\r\n\r\n.feature h3 {\r\nfont-size: 24px;\r\nletter-spacing: 1px;\r\nmargin-bottom: 10px;\r\nfont-size: 16px;\r\nfont-family: 'Roboto Condensed';\r\n    font-weight: 700;\r\n    color: #324A6D;\r\n}\r\n\r\n\r\n.feature p {\r\n    font-size: 18px;\r\n    font-family: 'Roboto Condensed';\r\n    font-weight: 300;\r\n    color: #324A6D;\r\n}\r\n\r\n\/* RIGHT IMAGE *\/\r\n.about-image {\r\n    flex: 1;\r\n}\r\n\r\n.about-image img {\r\n    width: 100%;\r\n    height: auto;\r\n    border-radius: 3px;\r\n}\r\n\r\n\/* RESPONSIVE *\/\r\n@media (max-width: 900px) {\r\n    .about-wrapper {\r\n        flex-direction: column;\r\n    }\r\n\r\n    .features {\r\n        flex-direction: column;\r\n    }\r\n}\r\n<\/style>\r\n<\/head>\r\n\r\n<body data-rsssl=1>\r\n\r\n<div class=\"about-wrapper\">\r\n\r\n    <!-- LEFT -->\r\n    <div class=\"about-content\">\r\n        <h1> Publikationen <\/h1>\r\n<h3>Ver\u00f6ffentlichungen und wissenschaftliche Arbeiten <br><br>\r\n\r\nDr. Joseph Wasswa<\/h3>\r\n   \r\n    <\/div>\r\n\r\n    <!-- RIGHT -->\r\n    <div class=\"about-image\">\r\n        <img decoding=\"async\" src=\"https:\/\/nextsolns.com\/wp-content\/uploads\/2026\/02\/0029_250705_IMG_1338-DxO_DeepPRIME-XD2s_4k_bearbeitet-1-scaled.jpg\" alt=\"Auszeichnungen\">\r\n\r\n    \r\n<!-- New css for new section -->\r\n\r\n<style>\r\n\/* HERO SECTION *\/\r\n.hero{\r\n    background: linear-gradient(to right, #eef3f9, #e3edf7);\r\n    padding:60px 8%;\r\n}\r\n\r\n.hero-container{\r\n    display:flex;\r\n    align-items:center;\r\n    justify-content:space-between;\r\n    flex-wrap:wrap;\r\n}\r\n\r\n\r\n\r\n\r\n\r\n\/* CARDS SECTION *\/\r\n\r\n\r\n\r\n\r\n\r\n\r\n\r\n\r\n\r\n}\r\n<\/style>\r\n<\/div>\r\n\r\n<\/div>\r\n\r\n<\/body>\r\n<\/html>\t\t\t\t<\/div>\n\t\t\t\t\t<\/div>\n\t\t\t\t<\/div>\n\t\t<div class=\"elementor-element elementor-element-7c66c55 e-flex e-con-boxed e-con e-parent\" data-id=\"7c66c55\" data-element_type=\"container\" data-e-type=\"container\">\n\t\t\t\t\t<div class=\"e-con-inner\">\n\t\t\t\t<div class=\"elementor-element elementor-element-9335f6b elementor-widget elementor-widget-html\" data-id=\"9335f6b\" data-element_type=\"widget\" data-e-type=\"widget\" data-widget_type=\"html.default\">\n\t\t\t\t\t<style>\r\n.btn-styled {\r\n\tbackground-color:transparent;\r\n\tborder:#666666 1.9px solid;\r\n\tcolor:#666666;\r\n\tfont-size:0.85em;\r\n\tborder-radius:30px;\r\n\tpadding:5px 13px 4px 13px;\r\n\tmargin:10px 0 10px 0;\r\n}\r\n.btn-styled:hover, .btn-styled:active  {\r\n\tbackground-color:#ededed;\r\n\tborder-color:#ededed;\r\n\tcolor:#555555;\r\n}\r\n.btn-styled:focus {\r\n\toutline:0 !important;\r\n}\r\n\/*----------3.Cards----------*\/\r\n.card {\r\n\t\r\n  \tmargin:2% 5px 2% 5px;\r\n  \tbackground-color: #fff;\r\n  \ttransition: box-shadow .25s;\r\n  \tborder-radius: 2px;\r\n   \tbox-shadow: 0 2px 5px 0 rgba(0,0,0,0.16),0 2px 10px 0 rgba(0,0,0,0.12);\r\n\tpadding:0;\r\n\t\r\n}\r\n.card-image img {\r\n  display: block;\r\n  border-radius: 2px 2px 0 0;\r\n  position: relative;\r\n  left: 0;\r\n  right: 0;\r\n  top: 0;\r\n  bottom: 0;\r\n  width: 100%;\r\n  height: 70%;\r\n}\r\n.card-content {\r\n  padding: 15px 10px 0 0;\r\n  border-radius: 0 0 2px 2px;\r\n}\r\n.row h3{\r\n    margin:0;\r\n  font-size:26px;\r\n  color: #DB5503;\r\n  font-family:'Roboto Condensed';\r\n  font-weight: 500;\r\n}\r\n.card .card-content h3 {\r\n  margin:0;\r\n  font-size:16px;\r\n  color: #324A6D;\r\n  font-family:'Roboto Condensed';\r\n  font-weight: 500;\r\n}\r\n.card .card-content p {\r\n  margin:0;\r\n  font-size:16px;\r\n  color: #324A6D;\r\n  font-family:'Roboto Condensed';\r\n  font-weight: 300;\r\n}\r\n\/*----3.a.Horizontal----*\/\r\n.card.horizontal .card-image img {\r\n\theight:100px;\r\n\twidth:100px;\r\n}\r\n\r\n.card.horizontal {\r\n  \tdisplay: -webkit-flex;\r\n  \tdisplay: -ms-flexbox;\r\n  \tdisplay: flex;\r\n}\r\n.card.horizontal.small .card-image,\r\n .card.horizontal.medium .card-image,\r\n  .card.horizontal.large .card-image {\r\n  \theight: 100%;\r\n  \tmax-height: none;\r\n  \toverflow: visible;\r\n}\r\n.card.horizontal .card-image img {\r\n  \twidth:160px;\r\n\theight:200px;\r\n\tmargin-right:20px;\r\n}\r\n.card.horizontal .card-stacked {\r\n  \t-webkit-flex-direction: column;\r\n    -ms-flex-direction: column;\r\n    flex-direction: column;\r\n  \t-webkit-flex: 1;\r\n    -ms-flex: 1;\r\n    flex: 1;\r\n  \tposition: relative;\r\n}\r\n.card.horizontal .card-stacked .card-content {\r\n  \t-webkit-flex-grow: 1;\r\n    -ms-flex-positive: 1;\r\n\tflex-grow: 1;\r\n}\r\n.card .card-image {\r\n  position: relative;\r\n} \r\n\r\n\/* ============================= *\/\r\n\/* CARD ANIMATIONS *\/\r\n\/* ============================= *\/\r\n\r\n\/* Fade + Slide Up Animation *\/\r\n@keyframes fadeUp {\r\n    from {\r\n        opacity: 0;\r\n        transform: translateY(40px);\r\n    }\r\n    to {\r\n        opacity: 1;\r\n        transform: translateY(0);\r\n    }\r\n}\r\n\r\n\/* Apply animation to all cards *\/\r\n.card {\r\n    opacity: 0;\r\n    animation: fadeUp 0.8s ease forwards;\r\n}\r\n\r\n\/* Staggered delay effect *\/\r\n.card:nth-child(1) { animation-delay: 0.1s; }\r\n.card:nth-child(2) { animation-delay: 0.2s; }\r\n.card:nth-child(3) { animation-delay: 0.3s; }\r\n.card:nth-child(4) { animation-delay: 0.4s; }\r\n.card:nth-child(5) { animation-delay: 0.5s; }\r\n.card:nth-child(6) { animation-delay: 0.6s; }\r\n.card:nth-child(7) { animation-delay: 0.7s; }\r\n.card:nth-child(8) { animation-delay: 0.8s; }\r\n.card:nth-child(9) { animation-delay: 0.9s; }\r\n\r\n\/* Smooth hover lift *\/\r\n.card:hover {\r\n    transform: translateY(-8px);\r\n    box-shadow: 0 15px 35px rgba(0,0,0,0.18);\r\n    transition: all 0.4s ease;\r\n}\r\n\r\n\/* Image zoom effect *\/\r\n.card .card-image img {\r\n    transition: transform 0.5s ease;\r\n}\r\n\r\n.card:hover .card-image img {\r\n    transform: scale(1.08);\r\n}\r\n\r\n\r\n<\/style>\r\n  <div class=\"container\">\r\n    <div class=\"row\">\r\n      <h3> Monografie \/ Dissertation<\/h3>\r\n    <\/div>\r\n    <div class=\"row\">\r\n      <div class=\"col-md-offset-1 col-md-5 col-xs-12\">\r\n        <div class=\"card horizontal\">\r\n          <div class=\"card-image\">\r\n            <img decoding=\"async\" src=\"https:\/\/nextsolns.com\/wp-content\/uploads\/2026\/02\/Sounding-Homeland.jpg\">\r\n          <\/div>\r\n          <div class=\"card-stacked\">\r\n            <div class=\"card-content\">\r\n              <h3>Wasswa, Joseph (2023): <br>\r\n              \r\n              <\/h3>\r\n              <p>\r\n           \u201eSounding Homeland\u201c. Zur integrativen und identit\u00e4tsstiftenden Bedeutung von Musikkultur und alltagskulturellen Praxen f\u00fcr Menschen afrikanischer Communities in Deutschland.<br>       Waxmann Verlag, M\u00fcnster \/ New York.<br>\r\n(Dissertation, ca. 300 Seiten, in Druck)<\/p>\r\n             <\/div>\r\n           <\/div>\r\n         <\/div>\r\n      <\/div>\r\n\r\n      <div class=\"col-md-offset-1 col-md-5 col-xs-12\">\r\n        <div class=\"card horizontal\">\r\n          <div class=\"card-image\">\r\n            <img decoding=\"async\" src=\"https:\/\/nextsolns.com\/wp-content\/uploads\/2026\/02\/379.jpg\">\r\n          <\/div>\r\n          <div class=\"card-stacked\">\r\n            <div class=\"card-content\">\r\n              <h3>Wasswa, Joseph (2018):<\/h3>\r\n              <p>Der wahr gewordene Traum. Musik als Lebens(t)raum f\u00fcr die j\u00fcngste Bev\u00f6lkerung der Welt.<br>\r\nIn: Musik als Lebens(t)raum \u2013 Partnerschaftsprojekt Uganda 2019.<br>\r\nStadt Regensburg, Kulturreferat, Amt f\u00fcr Musische Bildung.\r\nAum\u00fcller Druck GmbH & Co. KG, Regensburg, S. 6\u201320.<br><\/p>\r\n            <\/div>\r\n          <\/div>\r\n        <\/div>\r\n      <\/div>\r\n      \r\n          <div class=\"col-md-offset-1 col-md-5 col-xs-12\">\r\n        <div class=\"card horizontal\">\r\n          <div class=\"card-image\">\r\n            <img decoding=\"async\" src=\"https:\/\/nextsolns.com\/wp-content\/uploads\/2026\/02\/379.jpg\">\r\n          <\/div>\r\n          <div class=\"card-stacked\">\r\n            <div class=\"card-content\">\r\n              <h3>Beitr\u00e4ge in Sammelb\u00e4nden und Projektpublikationen<br>\r\n\r\nWasswa, Joseph (2019):<br><\/h3>\r\n              <p>\r\n\r\nAch Afrika! Uganda im Wandel \u2013 Neue Perspektiven und Bildungsm\u00f6glichkeiten durch Musik.\r\nIn: Hoffnung durch Musik \u2013 Ein Partnerschaftsprojekt.<br>\r\nStadt Regensburg, Kulturreferat, Amt f\u00fcr Musische Bildung.<br>\r\nAum\u00fcller Druck GmbH & Co. KG, Regensburg, S. 4\u201316.<\/p>\r\n            <\/div>\r\n          <\/div>\r\n        <\/div>\r\n      <\/div>\r\n      \r\n      \r\n<div class=\"col-md-offset-1 col-md-5 col-xs-12\">\r\n        <div class=\"card horizontal\">\r\n          <div class=\"card-image\">\r\n            <img decoding=\"async\" src=\"https:\/\/nextsolns.com\/wp-content\/uploads\/2026\/02\/379.jpg\">\r\n          <\/div>\r\n          <div class=\"card-stacked\">\r\n            <div class=\"card-content\">\r\n              <h3>\r\nWasswa, Joseph (2019):<br><\/h3>\r\n              <p>Der wahr gewordene Traum. Musik als Lebens(t)raum f\u00fcr die j\u00fcngste Bev\u00f6lkerung der Welt.<br>\r\nIn: Musik als Lebens(t)raum \u2013 Partnerschaftsprojekt Uganda 2019.<br>\r\nStadt Regensburg, Kulturreferat, Amt f\u00fcr Musische Bildung.\r\nAum\u00fcller Druck GmbH & Co. KG, Regensburg, S. 6\u201320.<br><\/p>\r\n            <\/div>\r\n          <\/div>\r\n        <\/div>\r\n      <\/div>\r\n      \r\n<div class=\"col-md-offset-1 col-md-5 col-xs-12\">\r\n        <div class=\"card horizontal\">\r\n          <div class=\"card-image\">\r\n            <img decoding=\"async\" src=\"https:\/\/nextsolns.com\/wp-content\/uploads\/2026\/02\/Musik-als-wertvolle-Basis-an-Schuleen.png\">\r\n          <\/div>\r\n          <div class=\"card-stacked\">\r\n            <div class=\"card-content\">\r\n            <h3>\r\n              Fachartikel:     <\/h3>\r\n              <p>Wasswa, Joseph (2016):<br>\r\nMusik als wertvolle Basis an Schulen.<br>\r\nIn: Neue Musikzeitung, ConBrio Verlagsgesellschaft, Ausgabe 3\/2016, 65. Jahrgang, S. 34.<\/p>\r\n            <\/div>\r\n          <\/div>\r\n        <\/div>\r\n      <\/div>\r\n      \r\n      <div class=\"col-md-offset-1 col-md-5 col-xs-12\">\r\n        <div class=\"card horizontal\">\r\n          <div class=\"card-image\">\r\n            <img decoding=\"async\" src=\"https:\/\/nextsolns.com\/wp-content\/uploads\/2026\/02\/Ein-Konigreich.png\">\r\n          <\/div>\r\n          <div class=\"card-stacked\">\r\n            <div class=\"card-content\">\r\n            <h3>\r\n             Wissenschaftliche Abschlussarbeiten:     <\/h3>\r\n              <p>Wissenschaftliche Abschlussarbeiten<br>\r\n\r\nWasswa, Joseph (2016):<br>\r\nEin K\u00f6nigreich f\u00fcr die Baganda! Die identit\u00e4tsstiftende Bedeutung der Kr\u00f6nungszeremonie\r\nvon Ronald Muwenda Mutebi II. f\u00fcr die Bev\u00f6lkerung der Region Buganda in der Republik Uganda (1993).<br>\r\nMasterarbeit, Universit\u00e4t Regensburg.<\/p>\r\n            <\/div>\r\n          <\/div>\r\n        <\/div>\r\n      <\/div>\r\n      \r\n   \r\n      \r\n      \r\n      <div class=\"col-md-offset-1 col-md-5 col-xs-12\">\r\n        <div class=\"card horizontal\">\r\n          <div class=\"card-image\">\r\n            <img decoding=\"async\" src=\"https:\/\/nextsolns.com\/wp-content\/uploads\/2026\/02\/Spring.jpg\">\r\n          <\/div>\r\n          <div class=\"card-stacked\">\r\n            <div class=\"card-content\">\r\n            <h3>\r\n              Wasswa, Joseph (2013):     <\/h3>\r\n              <p>Singen f\u00fcr die Integration.<br>\r\nIn: Gaul, Magnus; Nagel, Eva (Hrsg.): SPRING. Sprache lernen durch Singen, Bewegung und Tanz.<br>\r\nBosse Verlag, Kassel, S. 85\u201388.<\/p>\r\n            <\/div>\r\n          <\/div>\r\n        <\/div>\r\n      <\/div>\r\n      \r\n      <div class=\"col-md-offset-1 col-md-5 col-xs-12\">\r\n        <div class=\"card horizontal\">\r\n          <div class=\"card-image\">\r\n            <img decoding=\"async\" src=\"https:\/\/nextsolns.com\/wp-content\/uploads\/2026\/02\/A-journey-to-the-EA.png\">\r\n          <\/div>\r\n          <div class=\"card-stacked\">\r\n            <div class=\"card-content\">\r\n            <h3>\r\n              Wasswa, Joseph (2016):     <\/h3>\r\n              <p>A Journey to the East-African Land of Cultural Rhythms, Uganda \u2013\r\n\u201eOlugendo munsi ey\u2019emigudo n\u2019embuutu, Uganda\u201c.<br>\r\nKompositionsprojekt und Bachelorarbeit (106 Seiten), Regensburg.<\/p>\r\n            <\/div>\r\n          <\/div>\r\n        <\/div>\r\n      <\/div>\r\n      \r\n         <div class=\"col-md-offset-1 col-md-5 col-xs-12\">\r\n        <div class=\"card horizontal\">\r\n          <div class=\"card-image\">\r\n            <img decoding=\"async\" src=\"https:\/\/nextsolns.com\/wp-content\/uploads\/2026\/02\/Development-of-Performing-arts.png\">\r\n          <\/div>\r\n          <div class=\"card-stacked\">\r\n            <div class=\"card-content\">\r\n            <h3>\r\n              Wasswa, Joseph (2007):<\/h3>\r\n              <p>The Development of Performing Arts in Uganda.<br>\r\nBachelorarbeit, Makerere University, Department of Music, Dance and Drama, Kampala.<br><\/p>\r\n            <\/div>\r\n          <\/div>\r\n        <\/div>\r\n      <\/div>\r\n      \r\n    <\/div>\r\n  <\/div>\r\n<\/body>\t\t\t\t<\/div>\n\t\t\t\t\t<\/div>\n\t\t\t\t<\/div>\n\t\t<div class=\"elementor-element elementor-element-99702e3 e-flex e-con-boxed e-con e-parent\" data-id=\"99702e3\" data-element_type=\"container\" data-e-type=\"container\">\n\t\t\t\t\t<div class=\"e-con-inner\">\n\t\t\t\t<div class=\"elementor-element elementor-element-feefa94 elementor-widget elementor-widget-spacer\" data-id=\"feefa94\" data-element_type=\"widget\" data-e-type=\"widget\" data-widget_type=\"spacer.default\">\n\t\t\t\t\t\t\t<div class=\"elementor-spacer\">\n\t\t\t<div class=\"elementor-spacer-inner\"><\/div>\n\t\t<\/div>\n\t\t\t\t\t\t<\/div>\n\t\t\t\t\t<\/div>\n\t\t\t\t<\/div>\n\t\t\t\t<\/div>\n\t\t","protected":false},"excerpt":{"rendered":"<p>\u00dcBER MICH Publikationen Ver\u00f6ffentlichungen und wissenschaftliche Arbeiten Dr. Joseph Wasswa Monografie \/ Dissertation Wasswa, Joseph (2023): \u201eSounding Homeland\u201c. Zur integrativen und identit\u00e4tsstiftenden Bedeutung von Musikkultur und alltagskulturellen Praxen f\u00fcr Menschen afrikanischer Communities in Deutschland. Waxmann Verlag, M\u00fcnster \/ New York. (Dissertation, ca. 300 Seiten, in Druck) Wasswa, Joseph (2018): Der wahr gewordene Traum. Musik als [&hellip;]<\/p>\n","protected":false},"author":1,"featured_media":0,"parent":0,"menu_order":0,"comment_status":"closed","ping_status":"closed","template":"","meta":{"footnotes":""},"class_list":["post-1497","page","type-page","status-publish","hentry"],"_links":{"self":[{"href":"https:\/\/dr-joseph-wasswa.com\/index.php\/wp-json\/wp\/v2\/pages\/1497","targetHints":{"allow":["GET"]}}],"collection":[{"href":"https:\/\/dr-joseph-wasswa.com\/index.php\/wp-json\/wp\/v2\/pages"}],"about":[{"href":"https:\/\/dr-joseph-wasswa.com\/index.php\/wp-json\/wp\/v2\/types\/page"}],"author":[{"embeddable":true,"href":"https:\/\/dr-joseph-wasswa.com\/index.php\/wp-json\/wp\/v2\/users\/1"}],"replies":[{"embeddable":true,"href":"https:\/\/dr-joseph-wasswa.com\/index.php\/wp-json\/wp\/v2\/comments?post=1497"}],"version-history":[{"count":0,"href":"https:\/\/dr-joseph-wasswa.com\/index.php\/wp-json\/wp\/v2\/pages\/1497\/revisions"}],"wp:attachment":[{"href":"https:\/\/dr-joseph-wasswa.com\/index.php\/wp-json\/wp\/v2\/media?parent=1497"}],"curies":[{"name":"wp","href":"https:\/\/api.w.org\/{rel}","templated":true}]}}